y(-4)?
4
Let d(s) = 224*s + 893. What is the hundreds digit of d(17)?
7
Suppose -5*x = -2*a + 1322, 5*x - 51 + 71 = 0. What is the hundreds digit of a?
6
Let v(o) be the first derivative of o**4/4 + 4*o**3 - 2*o**2 - 8*o - 12. What is the units digit of v(-12)?
0
Let l(q) be the first derivative of -q**3/3 - 9*q**2/2 - 3*q - 4. Suppose -10*t = -4*t + 42. What is the tens digit of l(t)?
1
Suppose 0 = -2*a - 3*a. Let x be (a/(3/(-1)))/2. Suppose -56 = -x*u - 2*u. What is the tens digit of u?
2
What is the tens digit of ((-672)/(-36))/((-4)/(-174))?
1
Suppose p = -5*o + 4405, -6*p = -p - 25. What is the hundreds digit of o?
8
What is the hundreds digit of 20*384/(-45)*-6?
0
Let t(w) = w**2 + w. Let y be (-2 - -2) + -3 + 1. Let p be t(y). Suppose l - 4*u - 8 = 0, -4*l - p*u + 66 = -2*l. What is the tens digit of l?
2
Let q = -2539 + 5127. Suppose -8*g + q = -196. What is the units digit of g?
8
Suppose 0 = -3*o - 15, f + 130 = o + 44. Let q = 187 + f. What is the tens digit of q?
9
Let z = 25 + -17. Suppose -5*b + z*b + 321 = 0. Let c = -76 - b. What is the tens digit of c?
3
What is the tens digit of (1028/(-8))/(3/(-6))?
5
Let a(z) = 32*z**3 - z**2 + 2. What is the tens digit of a(2)?
5
Let d(r) = -227*r + 8. What is the tens digit of d(-1)?
3
Let r(p) = p + 16. Let y be r(8). Let v = y + -18. Let c(a) = -2*a + 14. What is the units digit of c(v)?
2
Suppose -3036 = -2*g - 3*i, g - 1509 = -17*i + 20*i. What is the thousands digit of g?
1
What is the tens digit of 2068416/836 + (-2)/11?
7
Let f(y) = -31*y + 7. Let a be f(-6). Let x = a + -104. Suppose 4 = -5*i + x. What is the units digit of i?
7
Let y(a) = a**3 - 7*a**2 - 8*a + 3. Let d(q) = 9*q**2 - 1. Let k be d(-1). Let u be y(k). Suppose -7 = -2*o + u. What is the units digit of o?
5
Let f(c) = 2*c**2 - c - 3. Let b be f(3). Suppose m - b - 95 = -5*t, 4*m + t = 390. What is the units digit of m?
7
Suppose 8*z = 3*z + 45. Suppose 25 = -4*w + z. What is the units digit of (-149)/w - (-6)/(-24)?
7
Suppose -28*z + 12863 + 8725 = 0. What is the tens digit of z?
7
Suppose -r + 4*p = -102, 2*r + p = 337 - 106. Suppose -r = -3*c - 3*c. What is the units digit of c?
9
Let y(h) = -2*h**3 - h**2 + 2*h + 2. Suppose 0 = 2*x - 2*c - 2, -2*c + c + 5 = -3*x. What is the tens digit of y(x)?
4
Suppose -3*q = d + 35, 5*d + 55 + 0 = -3*q. What is the tens digit of 1412/20 - 4/q?
7
Let o be ((-2 + 7)/10)/(2/(-128)). Let d = 139 + o. What is the hundreds digit of d?
1
Let r be -3 - (3*66)/(-1). Suppose -x + 3 = 2*x, -2*k + x = -r. What is the units digit of k?
8
Suppose 0 = -3*n + 2*z + 7850 + 1890, 0 = -n - 4*z + 3270. What is the thousands digit of n?
3
Let k(i) = i**2 - i - 2. Let c be k(3). Let y be (-38)/57 - 3/((-9)/2). Suppose 0 = -c*p - y*p + 76. What is the units digit of p?
9
Suppose -16*g = 6*g - 13024. What is the hundreds digit of g?
5
Suppose 0 = -y - 0*y - 4. Suppose -24 = 2*z + 4*s, -s - 16 = 2*z - 7. What is the units digit of z/y - 78/(-4)?
0
Suppose b = -3*b + 12. Suppose -3*d + b = 0, -3*r - 4*d + 51 + 67 = 0. What is the tens digit of r?
3
Suppose 0 = -4*m + w - 38 + 642, 5*m = 3*w + 748. Let x = m + -87. What is the units digit of x?
5
Suppose 0 = -q + v + 725, 12*q = 9*q - 4*v + 2154. What is the tens digit of q?
2
Let o(n) = n**3 - 6*n**2 + 13*n - 7. Let h = -39 + 43. What is the tens digit of o(h)?
1
Suppose -6*l - 20 = -l. Let p(f) = f**2 + 2*f - 7. Let y be p(l). What is the tens digit of 2 - y - (-55 - -1)?
5
Suppose 0 = -2*p - 34 + 242. Let m = p + -12. Suppose d + s - 21 = -s, 4*d - m = -4*s. What is the units digit of d?
5
Let m(d) = d**3 + 11*d**2 + 7*d + 14. Let a be m(-10). Suppose -4*p = -5*r + a, -p = -2 - 2. What is the units digit of r?
2
Let f(m) = 16*m**2 + 21*m - 30. What is the tens digit of f(7)?
0
Let o be (1 + -3)/((-7)/14). Suppose -o*k = -5*z - 32, 0 = -3*k - 0*k + 2*z + 31. Let r = k - -6. What is the units digit of r?
9
Let a(c) = c**2 + 5*c - 4. Let z be a(-6). Suppose z*h + h = 165. What is the units digit of h?
5
Suppose -6*j + 3270 = 852. What is the units digit of j?
3
Let d(j) = j**3 + 16*j**2 + 16*j + 19. Let f be d(-15). Suppose 3*l + 2*l + 3*x - 135 = 0, f*l + 2*x = 110. What is the tens digit of l?
3
Suppose 5*v + 5 = -0*v, -3*v = -x + 3167. What is the thousands digit of x?
3
Suppose 2*c - 70 = -5*c. What is the units digit of (13 - c)*(-1)/(-3)?
1
Suppose -8*j + 4*j + 4932 = 2*d, 4*d + 16 = 0. What is the units digit of j?
5
Let c(u) = 4*u + 17. Let g be c(-8). What is the tens digit of g/(-2)*(24 + -16)?
6
Let a(y) = y + 9. Let n be 150/45*(-6)/(-2). Suppose -5 = -5*x + n. What is the units digit of a(x)?
2
Suppose 1890 = 6*u - 1248. What is the units digit of u?
3
Let u = 4 + -2. Let w = 3 + u. Suppose 3*x = w*x - 4. What is the units digit of x?
2
Let z be -2 - -2 - (-67 + 1). Let r = 107 + -104. Suppose z = -r*p + 6*p. What is the units digit of p?
2
Let v(g) = 2*g**2 + 4*g + 2. Let i = -21 + 19. Let n be v(i). What is the tens digit of (6 - n) + 495/9?
5
What is the thousands digit of (4 - -1094)*(15/(-9) - -3)?
1
Let u be (-12)/(16/(-4)) + -1. Suppose u*y - 21 = -y + 3*k, 3*y - 56 = -4*k. What is the units digit of y?
2
Let v(t) be the third derivative of t**5/60 - 5*t**4/6 + 43*t**3/6 + 27*t**2. What is the tens digit of v(19)?
2
Let j(a) = 2*a**3 - 16*a**2 - 14*a + 144. What is the thousands digit of j(13)?
1
What is the hundreds digit of (-11 + (3 - -10))*(-1458)/(-4)?
7
Let l(d) = d**3 + d**2 - 2*d - 2. Let i be l(0). What is the units digit of (1/i)/((1 - 4)/384)?
4
Suppose -3*r = 2*r - 0*r. Let v(x) = x + 1. Let o be v(3). Suppose r*a - o = -4*a. What is the units digit of a?
1
Let r(x) = 68*x**2 - 31*x - 123. What is the thousands digit of r(-5)?
1
Let l = 22 + -26. What is the units digit of l/2 - (-1464)/12?
0
Let v = 16 + -12. Suppose 0*b + v*b = 4. What is the tens digit of (b - -48) + (-1 - -2)?
5
Suppose -83 = -3*a + 2*q, 2*q + 14 = a - 11. What is the units digit of a?
9
Suppose -4*b - 230 = b. What is the units digit of (b - -3)/(3/(-6))?
6
Suppose j - 61 = -57. Suppose -l + 3*a = -0*a - 32, j*a = -3*l + 44. What is the units digit of l?
0
Let c(o) be the third derivative of -o**5/60 - 7*o**4/24 - o**3 + 21*o**2. Let g be 4/(8/(-5))*2. What is the units digit of c(g)?
4
Let n be (-309)/9 - 2/3. Let r = 61 - n. Let i = r + -57. What is the units digit of i?
9
Let s = -23 - -13. Let f(a) = a**3 + 11*a**2 + 10*a + 2. Let k be f(s). Suppose 46 = k*j - 12. What is the tens digit of j?
2
Suppose -l - 2 = -34. What is the units digit of l?
2
Let u be 112/63 + (-2)/(-9). Suppose -3 = -d - 4*h - u, 2*h = 0. What is the units digit of d?
1
Suppose 0*l = 5*l + 5*x - 10, -l + 2*x - 4 = 0. Suppose l = -3*v + 5*v - 20. What is the tens digit of v?
1
Let p = 3 - 5. Let a(s) be the second derivative of s**3/3 + 3*s**2 + 12*s. What is the units digit of a(p)?
2
Let v = -18 + 17. Let w be (-9 - 3)/(1/v). Let q(i) = i**2 - 9*i - 4. What is the tens digit of q(w)?
3
Let l(t) be the third derivative of -t**6/30 - t**5/15 - t**4/4 - 4*t**3/3 + 13*t**2. Let r be l(-4). Suppose r = -0*b + 4*b. What is the tens digit of b?
5
Let y(d) = 19*d**2 + 12*d - 44. What is the tens digit of y(5)?
9
Let b be 1*-21*2/6. Let n be (-23)/b + (-8)/28. Suppose -n*w + 12 = -0*w. What is the units digit of w?
4
Let c be (2 - (3 - -9))/2. Let n(p) = p + 15. Let h be n(c). Let k = -3 + h. What is the units digit of k?
7
Let n(y) = -8*y + 5. Let g be n(1). What is the units digit of (2 + g)/(3/(-369))?
3
Suppose -s + 14 = -2*s. Let d = 20 - s. Suppose 2*h = -0*v + 3*v - d, 2*v - h - 21 = 0. What is the units digit of v?
8
Let f be (279/31)/(0 + (-2)/(-20)). Let p = 102 - f. What is the tens digit of p?
1
What is the hundreds digit of (-2636496)/(-680) + (-4)/(-5)?
8
Let m be 45/(2/((-4)/(-3))). Suppose 0 = 5*s - 15 - m. What is the units digit of s?
9
Let h = -16 + 30. Suppose -70 = -3*j + h. What is the tens digit of 512/14 - j/49?
3
What is the tens digit of 30772/(-56)*(-24)/14?
4
Suppose -5*k = -s + 2*s - 158, 65 = 2*k + s. Suppose k = 4*x - 157. What is the units digit of x?
7
Suppose 4*s + 1 = -w + 6*w, 4*s - 3*w = 9. Suppose -s*a = -0*a - 258. What is the tens digit of a?
4
Let t be (12/9)/((-2)/(-9)). Let k be (28/(-12))/(-7)*t. Let o = 5 + k. What is the units digi